 -w. Let n be -2 - 2 - (1 + -8). Let p(k) = 8 - 9 + 2 - n*k + 1. What is p(w)?
-4
Let j = 1 + -4. Let u(o) = -o - 8. Let m be u(-11). Let d(n) = -89*n**2 - 2 + n**m - n + 91*n**2 + n - 3*n. Determine d(j).
-2
Let d(k) = -4*k + 1. Suppose 4*o = 3*g - 9, 5*o = -g + o - 13. What is d(g)?
5
Suppose -4*o + 4 = -4*p, -5*p + 2*p - 9 = 0. Let v(m) = -3*m**2 - m + 26. Let c(h) = -h**2 + h + 14. Let f(i) = -2*c(i) + v(i). What is f(o)?
0
Let u = 142 + -63. Let w(i) = u - 3*i - 86 - i + 2*i. Let d be 40/(-7) - 6/21. What is w(d)?
5
Suppose -5*t + 2*m + m = -22, 2*t - 16 = 3*m. Let g(o) = -2*o - 1 + 2 - 3*o**2 + 4*o. Determine g(t).
-7
Let p(k) = 77 - 77 - 22*k**2 - k. Let i = 45 - 46. Determine p(i).
-21
Let h(z) = z**2 - z - 11. Suppose 15*i - 120 = -15*i. Calculate h(i).
1
Let b(w) be the first derivative of -6*w**2 - w + 836. Suppose -13 = -4*a + 3*o, 4*o + 5 = -7. What is b(a)?
-13
Let x(i) = 6*i - 3*i**3 - 5*i**2 + i**3 + i**3. Let p = 5 - 8. Let k be (108/24)/(p/4). Give x(k).
0
Let v(x) = x**2 - 1. Suppose -3*z - 2 = -m, 28 = -4*z - 5*m - 0*m. Let i be 1/(-1)*(z - -2). Let y be (-15)/(-10)*(i + -2). Determine v(y).
8
Suppose 22 = 3*h + 2*r + 2*r, -5*h + 48 = r. Suppose -2*p = -6 + h. Let x(q) = -2*q**3 - 2*q**2 + 2*q. What is x(p)?
4
Let g(p) = -p**3 + 4*p**2 - p + 4. Let i(h) = -h**3 + h**2 + 2*h + 8. Let t be i(0). Suppose -4*n = -6*n + t. What is g(n)?
0
Let i(x) = -x - 8. Let p be i(-12). Suppose p*m = 2*m + 4. Let h(k) be the second derivative of -7*k**3/6 + k**2 - 17*k + 2. What is h(m)?
-12
Let o = -13 - -16. Suppose 4*r = -0*r + 8. Let s(n) = -4*n**2 + n**2 + n + n**3 + 0*n**r. What is s(o)?
3
Let f(y) be the third derivative of 5*y**4/24 + 8*y**3/3 + 5*y**2 + 13*y. Determine f(-4).
-4
Let k(c) = -3*c + 10 - 6 + 4 + 5*c. Let q(m) = 11*m + 2. Let d be q(-1). Let g be 36/4*((-24)/d)/(-4). What is k(g)?
-4
Let q be (540/144)/((-6)/(-16)). Let r(k) = 19*k + 7 - 4 + k**2 - q*k - 15*k. Give r(4).
-5
Suppose -5*d - 23 + 62 = 3*b, -5*b = 5*d - 45. Let x(y) = y**3 - 9*y**2 - y - 4. Let n(r) = -r**2. Let c(u) = 3*n(u) - x(u). Give c(d).
10
Let c(f) be the second derivative of f**5/20 - f**4/4 - f**3/6 + f**2/2 + f. Let n be -7 + ((-1)/((-1)/3) - 4). Let v = n - -12. Give c(v).
13
Let f(w) = -6*w**3 - w**2 + 1. Let y = 667 + -666. Determine f(y).
-6
Let f(c) = 12*c + 197. Let j be f(-17). Let q(b) = -b**3 - 7*b**2 - 2*b - 1. Give q(j).
13
Let v(a) be the first derivative of -a**3/3 - a**2/2 + a - 1. Let m be -2 - 0 - (-24)/3. Suppose 0 = g + 2*k + 5, -5*k - 18 = -9*g + m*g. Determine v(g).
-1
Let w(v) = -6*v - 3. Let h be -2 - (0 - -3) - (-8 + 4). Calculate w(h).
3
Let j(h) = -1 - 1 - 11*h - 10*h + 20*h. Suppose 5*q - 2*c = -6, 4*q - 14 + 2 = -4*c. Give j(q).
-2
Let t be (-27)/36 - (-63)/4. Let o be 1*(-9)/t*(1 + 4). Let y(m) = -m**2 - m + 1. What is y(o)?
-5
Let s be 1/(-6)*-3*10. Let l(p) = -5 + 5 - s*p + 1. Let t be l(-1). Let a(k) = k - 4. What is a(t)?
2
Let f(g) = g - 3. Let t = -32 - -35. Let x be 1*(-4 + t)*5. Give f(x).
-8
Let s be (-6)/(-16) + (-4140)/(-480). Let l(w) = w**2 - 6*w - 13. Calculate l(s).
14
Let a(v) = v**3 + 6*v**2 + 3*v - 5. Let s be a(-5). Let l(q) be the first derivative of 2*q**2 - 6*q - 2 - 1/3*q**3. Give l(s).
-11
Suppose 23 = -3*b - y - y, -b - y - 7 = 0. Let v(j) = 7 - j**2 + 5 - 4 - 2758*j + 2750*j. Give v(b).
-1
Let u be 5/((-212)/24 - -8). Let l = -5 - -7. Let f(d) = 8*d**2 + d**3 - l*d**2 - d + 1 - 7. Determine f(u).
0
Let g(i) = i + 13. Let y(q) = q**2 - 24*q + 71. Let v be y(20). What is g(v)?
4
Let d(i) = i**3 + 8*i**2 + 7*i - 3. Suppose -x = 5*f - 23, x + 4*f - 2*f - 14 = 0. Let g(k) = k**2 - 7*k - 7. Let z be g(x). Suppose z = 4*b + 29. Give d(b).
-3
Let s(i) = -i - 3. Suppose 2*m - 4*o = 16 - 0, -2*m = 5*o + 11. Suppose -4*k + 28 = 2*v, m*k = -0*v + 2*v + 8. Determine s(k).
-9
Let n = -706 - -715. Let i(a) = 2*a**2 + 13*a - 11. Let j(b) = -b**2 - 12*b + 11. Let k(g) = -2*i(g) - 3*j(g). Determine k(n).
-2
Let a(l) = 1 - 76*l**3 + 77*l**3 - l**2 + l**2 - 11*l. Let n(w) = -w**3 - w**2 + 12*w. Let t(j) = 5*a(j) + 4*n(j). Give t(5).
-5
Let i be (48/(-15))/(2/(-5)). Let z(l) = l**3 - 7*l**2 - 10*l + 6. What is z(i)?
-10
Let z(v) be the third derivative of -v**5/60 - v**4/6 + v**2. Let k = -8 - -13. Suppose -k*p - 9 = 6. Determine z(p).
3
Let i(g) = 0*g + 9*g + 0*g - 4*g. Let p be i(0). Let n(q) = -q**3 + 4*q - 3*q + 0*q + 15 + q**2. Determine n(p).
15
Let s(v) = -v - 6. Let a(c) = 3*c**3 - 8*c**2 - 8*c + 1. Let o(j) = j**3 - j**2 - j + 1. Let d(u) = -a(u) + 4*o(u). Let g be d(-3). Determine s(g).
-6
Suppose 56*s - 11*s - 495 = 0. Let i(a) = a**2 - 9*a + 6. Calculate i(s).
28
Suppose 0 = 102*a - 41*a + 366. Let o(n) = n**3 + 5*n**2 - 7*n + 5. Calculate o(a).
11
Let t = -157 - -150. Let d(i) be the second derivative of i**4/12 + 7*i**3/6 + 3*i**2/2 + i. Determine d(t).
3
Let i(s) = -39*s - 9. Let h(z) = -4*z - 1. Let a(l) = -9*h(l) + i(l). Suppose -3*k = -8*k + 5. Determine a(k).
-3
Let u(z) = 2*z - 6. Let v be 4*1 - (25 + -24). Suppose v*b + w - 17 = -0*b, -19 = -5*b + 3*w. What is u(b)?
4
Let b be (23/((-115)/10))/(-1 + -1). Let z(h) = 7*h**3 + h**2. Calculate z(b).
8
Let k(n) = 8*n + 1. Let r = 2 + 1. Suppose 5*l - r*l + 2 = 0. Give k(l).
-7
Let b(m) = m**3 + 4*m**2 - 5*m - 6. Let t(v) = v**2 - v - 1. Let r(x) = -b(x) + 4*t(x). Give r(0).
2
Let f(d) = -3*d + 6. Let r(n) = -2*n**2 + 13*n - 4. Let g be r(6). Suppose -g*v + 8 = -0*v. Calculate f(v).
-6
Let q(y) = 41 - 21 - 13 - 11 - 2*y**2 - 3*y - 13*y. What is q(-8)?
-4
Let p be (-89)/7 - 35/(-49). Let x(a) = -a**2 - 10*a + 25. Calculate x(p).
1
Suppose 17 = -7*n + 3. Let z(i) = -i**2 + 3*i + 5. Give z(n).
-5
Let h(x) = 31 - 4*x**3 - 35 - 4*x**2 + 5*x + 3*x**3 + 0*x**3. Let z = -12 + 7. Give h(z).
-4
Suppose -4*p + 5*r - 9 = 21, p = -4*r + 3. Let o(v) be the third derivative of -v**6/120 - v**5/10 - 7*v**4/24 - v**3 - v**2. What is o(p)?
4
Let f(g) = 29 - 11 - 10*g + 24*g + g**2. What is f(-12)?
-6
Let u(z) = -62 + 83 - z**2 + 4*z - 13. Give u(6).
-4
Suppose 14 = -5*q - 6. Let v(a) = -4*a**2 - a + 2. Let p(j) = -3*j**2 + 2. Let u(y) = -5*p(y) + 4*v(y). Determine u(q).
-2
Let q(s) = 2*s + 4. Let d(z) = -16*z - 1. Let h be d(-1). Let t = h + -7. Let n = 4 - t. Determine q(n).
-4
Suppose 38*u - 33*u = 18*u. Let s(c) be the second derivative of u + 8*c + 9/2*c**2 - 1/3*c**3. Determine s(6).
-3
Suppose 2*d + 41 = 4*m - 3*d, 2*m = d + 19. Suppose -4*y = -y + m. Let w be y + (-5)/((-10)/12). Let n(r) = 2*r**2 - 3*r - 4. Calculate n(w).
5
Suppose -10*k = -37 + 57. Let q(x) = -10*x - 4. Give q(k).
16
Suppose 2*a = -3*a - 5. Let q(m) = -m**3 + m + 1. Let n(y) = -y**3 + 3*y - 4*y**2 + 2*y**2 - 3 + 5 + 3*y**2. Let l(i) = -n(i) + 3*q(i). What is l(a)?
2
Let a = 643 - 640. Let i(w) = 3*w**2 - 4*w. Calculate i(a).
15
Let w(k) = 5*k + 9. Let u(t) = 4*t + 8. Let l(h) = -6*u(h) + 5*w(h). Let i(j) = -3*j + 21. Let p be i(7). Give l(p).
-3
Let z(j) = -j**3 + 9*j**2 + j - 8. Let p be z(9). Let v be (0 + p)*(20 - 26). Let b(m) = -m**3 - 7*m**2 - 6*m - 5. Determine b(v).
-5
Let i(b) = b**3 + 6*b**2 + 6*b + 7. Let f(v) = -6*v**2 + 3*v - 2. Let s be f(1). Let k be i(s). Let p(t) = -14*t**2 + 13*t**k + 7 - 2. What is p(0)?
5
Let t(y) = -y + 2. Let k = 2 - -2. Suppose 0 = -0*o + k*o - 16. Suppose o*l - 18 = l. Calculate t(l).
-4
Let m(r) = r**3 - 7*r**2 + 6*r - 4. Let t = 39 - 35. Suppose -j - j = -t*y - 4, -4*j + 26 = y. Give m(j).
-4
Let m(k) = 2*k**2 + 2*k - 1. Let g(o) = o**2 + 12*o + 25. Let f(l) = -l - 9. Let j be f(0). Let s be g(j). Give m(s).
3
Let l = -14 + 25. Suppose -l + 3 = -4*z. Suppose q = z + 2. Let c(o) = o**2 - 5*o. Calculate c(q).
-4
Let m be 19/7 - 2/(-7). Let y(t) be the third derivative of -t**6/120 + t**5/12 - t**4/12 - t**3/3 + 1889*t**2. Give y(m).
10
Let k(c) = c**3 - 6*c**2 + 7*c - 4. Suppose w = -6*w - 154. Let p = w - -27. What is k(p)?
6
Let a(v) = -v**2 - 1 + 18*v + 4 - 8 - 8*v - 3. What is a(10)?
-8
Let o(c) = -c**2 - 8*c - 6. Suppose 2*i + 4 = 3*i. Suppose -i*s + 8*s = 8. Suppose -y - y - 3*n = 2, s*y - n = -10. Give o(y).
10
Let r(m) be the first derivative of m**4/4 + 5*m**3/3 + 5*m**2/2 + 6*m + 398. Suppose 24 = j + 2*j. Suppose 2*t = 4*t + j. Determine r(t).
2
Suppose -4*y - 2*p - 16 = 3*p, 0 = 5*y + 2*p + 3. Suppose 7*o = 6*o + y. Let g(x) = -1 + 0